base 16, what is -af + 21f?
170
In base 14, what is 223 - -60?
283
In base 7, what is -2252 - -1212?
-1040
In base 6, what is -20301424 - 0?
-20301424
In base 16, what is -e - 30?
-3e
In base 8, what is -20133 - -54?
-20057
In base 12, what is -2 + -80140?
-80142
In base 2, what is 11111110001 - 1000?
11111101001
In base 10, what is 127 + 87?
214
In base 7, what is -11 + 1512?
1501
In base 16, what is d + -de16?
-de09
In base 4, what is -21330002302 - -1?
-21330002301
In base 6, what is 4053 + 124?
4221
In base 7, what is -20022 + 52?
-16640
In base 5, what is 3401400 - 0?
3401400
In base 4, what is 31 - 1121112?
-1121021
In base 10, what is 1513 - 10?
1503
In base 5, what is -22003443 - -1?
-22003442
In base 3, what is 10 + 2222021020101?
2222021020111
In base 9, what is 3004 + -380?
2514
In base 6, what is 1535 - 1311?
224
In base 12, what is b5230b - 4?
b52307
In base 6, what is 234 - 5525?
-5251
In base 16, what is 0 + 26310?
26310
In base 7, what is 3 + -204443?
-204440
In base 16, what is -e + 125cc?
125be
In base 7, what is 1300015 - 5?
1300010
In base 15, what is -7 + a3813?
a380b
In base 3, what is -102011010021 + 12?
-102011010002
In base 15, what is 3 - -623e?
6242
In base 2, what is -111101 - 1100010011100110?
-1100010100100011
In base 15, what is 20 + -723?
-703
In base 12, what is 152 - -21b0?
2342
In base 9, what is -473428 + 10?
-473418
In base 4, what is -10 + 2020110012?
2020110002
In base 11, what is -1a234 + 3?
-1a231
In base 8, what is 167 + -30266?
-30077
In base 6, what is 3 + -1314031?
-1314024
In base 3, what is -100211 - 22021200?
-22122111
In base 16, what is -6e - 22d?
-29b
In base 15, what is 2 + -5e15?
-5e13
In base 2, what is -11 - -100110001010101?
100110001010010
In base 4, what is 33002311 - -10?
33002321
In base 15, what is 0 + a186?
a186
In base 12, what is 285 + -9102?
-8a39
In base 7, what is 1 - 643246?
-643245
In base 9, what is -547 + -76?
-634
In base 8, what is 3 + -43103?
-43100
In base 10, what is 1 - 7234?
-7233
In base 3, what is -110001 - 11201?
-121202
In base 16, what is f + -1129?
-111a
In base 7, what is -16012 - 123?
-16135
In base 11, what is -3579 - 0?
-3579
In base 4, what is 111202222 + -3?
111202213
In base 14, what is 1c80 - 36?
1c48
In base 2, what is 111 + 11011101001011100?
11011101001100011
In base 3, what is -12 + -1110011020?
-1110011102
In base 3, what is -10020020 - 102?
-10020122
In base 11, what is -356843 - 4?
-356847
In base 16, what is 3 - -cfdd?
cfe0
In base 11, what is 27 - 28631?
-28605
In base 13, what is 2 + 2b26?
2b28
In base 13, what is -21 + 5c0?
59c
In base 3, what is 11112202120 - -21?
11112202211
In base 6, what is -315 - 5133?
-5452
In base 9, what is -5 + -652240?
-652245
In base 10, what is -31 - -448?
417
In base 14, what is 4 + 34546?
3454a
In base 8, what is 12150 + -44?
12104
In base 14, what is -501 + 106?
-3d9
In base 5, what is 12 + 20313233?
20313300
In base 8, what is -7216 + 10?
-7206
In base 7, what is -15454 + 51?
-15403
In base 6, what is 1441142 - 2?
1441140
In base 8, what is 0 - 245?
-245
In base 8, what is 214 - -5713?
6127
In base 13, what is -17c - -2b6?
137
In base 16, what is -dd61 + -a?
-dd6b
In base 2, what is -111100 + 1001110011?
1000110111
In base 8, what is -2067 + 365?
-1502
In base 10, what is 76 - -47607?
47683
In base 15, what is 2c5d - 29?
2c34
In base 3, what is -10002102 - 221?
-10010100
In base 5, what is -10403433 - -23?
-10403410
In base 5, what is -10300011 - 0?
-10300011
In base 13, what is 9 + -25c23?
-25c17
In base 12, what is -409a4 + -56?
-40a3a
In base 9, what is -4055 + -371?
-4436
In base 4, what is 30221 - -2?
30223
In base 12, what is 231 + -167?
86
In base 2, what is 11010100110 - 101011110100?
-10001001110
In base 10, what is 202 + -130?
72
In base 14, what is -48d63 - -3?
-48d60
In base 9, what is 316173 - -3?
316176
In base 9, what is -4 + 21486?
21482
In base 8, what is 156206 + 10?
156216
In base 6, what is -11 + 1104?
1053
In base 7, what is -1363 - -314?
-1046
In base 2, what is -100 + 10101100011001110?
10101100011001010
In base 13, what is -77 + -402?
-479
In base 11, what is -151 - -11?
-140
In base 14, what is -55 + 3143?
30cc
In base 16, what is 5 - 421ca?
-421c5
In base 6, what is -1120514 + -3?
-1120521
In base 15, what is -b - 1ac2?
-1acd
In base 11, what is a276 - -9?
a284
In base 3, what is -1010222021021 - 11?
-1010222021102
In base 4, what is 3 - 203102231?
-203102222
In base 13, what is -2a + -b94?
-bc1
In base 9, what is 15827 - 25?
15802
In base 5, what is -231120 - 21?
-231141
In base 10, what is -2 + -138740?
-138742
In base 11, what is 1898 - -539?
2326
In base 3, what is -10102 - -1011101?
1000222
In base 12, what is -669 + 2bb?
-36a
In base 4, what is 21 - -22213131?
22213212
In base 9, what is -8726 + 8?
-8717
In base 5, what is 242000110 - 3?
242000102
In base 6, what is -2 + 23542022?
23542020
In base 6, what is -5001012 + 0?
-5001012
In base 6, what is 1022201 + 5?
1022210
In base 7, what is -1051 + -563?
-1644
In base 2, what is -10100100001000 + 11?
-10100100000101
In base 3, what is -21212 + -2002221101?
-2010020020
In base 11, what is 79272 - -2?
79274
In base 2, what is 111001101110 + -10000100110?
101001001000
In base 14, what is 2 + 6451?
6453
In base 8, what is 47502 + -23?
47457
In base 15, what is -13454e + -2?
-134551
In base 10, what is 357656 + -6?
357650
In base 14, what is -2d654 + -1?
-2d655
In base 14, what is -1a - 485b9?
-485d5
In base 13, what is -b0 - -8?
-a5
In base 16, what is acb + -dc?
9ef
In base 11, what is -98402 + -2?
-98404
In base 3, what is -1110222011 - -11?
-1110222000
In base 16, what is 6f3fe + -5?
6f3f9
In base 14, what is -3 + -6d74?
-6d77
In base 3, what is -101 - 10021122?
-10022000
In base 12, what is 382 + 682?
a44
In base 11, what is 4 - 4596a2?
-459699
In base 2, what is -1101 - -10001001100001?
10001001010100
In base 15, what is -9b - 12a?
-1c6
In base 4, what is 102103 - 2213?
33230
In base 7, what is -406010 - -64?
-405613
In base 5, what is -11242342 - 4?
-11242401
In base 15, what is 1 + 45ed?
45ee
In base 2, what is 1111 - -101?
10100
In base 6, what is 30 + 1242255?
1242325
In base 4, what is 32112210 - 11?
32112133
In base 6, what is 1044 + -115?
525
In base 14, what is -8 - b1a2?
-b1aa
In base 13, what is 3b + -162?
-124
In base 10, what is 0 + -116085?
-116085
In base 10, what is -508 - -9?
-499
In base 15, what is 3b31e + 5?
3b324
In base 5, what is -13 + 13143303?
13143240
In base 9, what is -5 + -4084?
-4100
In base 8, what is 106055 + -7?
106046
In base 2, what is 110000010101111111 - 0?
110000010101111111
In base 13, what is -380 + 244?
-139
In base 13, what is -15c5a + 5?
-15c55
In base 6, what is 24 + 2054253?
2054321
In base 4, what is 1022132 - 11?
1022121
In base 7, what is 622202 - -16?
622221
In base 5, what is 1330 - 211210?
-204330
In base 4, what is 13 - -132322?
133001
In base 8, what is -62426 - -6?
-62420
In base 9, what is 1672 - -630?
2412
In base 15, what is -2858b - 1e?
-285aa
In base 4, what is 1331121232 + 1?
1331121233
In base 13, what is -746b + -5?
-7473
In base 9, what is -50 - -514?
454
In base 13, what is 4c2 + -428?
97
In base 4, what is 121 + -110303?
-110122
In base 10, what is 18 + -41601?
-41583
In base 8, what is 4 - 434624?
-434620
In base 5, what is 10 - -302233?
302243
In base 13, what is 95201 + -5?
951c9
In base 12, what is 12 - b359?
-b347
In base 13, what is 5 + -13114?
-1310c
In base 15, what is a + 436c5?
436d0
In base 3, what is 211 + 1021210?
1022121
In base 12, what is -5 - 30599?
-305a2
In base 7, what is -33350 - 6?
-33356
In base 12, what is a2 - 9442?
-9360
In base 11, what is 4040 + -98?
3a53
In base 6, what is 45224 + -10?
45214
In base 4, what is -221 - -32101320?
32101033
In base 11, what is 24a - -48?
297
In base 6, what is 4 - 200115?
-200111
In base 3, what is 2102 + 10020?
12122
In base 12, what is 38 - 312?
-296
In base 4, what is -31201 + 12?
-31123
In base 7, what is -632 + -114543?
-115505
In base 12, what is 1 - 401b?
-401a
In base 2, what is 1111110010011011011 + -110?
1111110010011010101
In base 15, what is -3 + -1ac76?
-1ac79
In base 14, what is 11682 + -29?
11657
In base 14, what is 180 - -3d8?
578
In base 8, what is 10 - -5156?
5166
In base 15, what is 6